inder when j(6) is divided by v(7).
20
Let v = 112 - 79. Let l be (16/10)/(1/(-5)). Let c(n) = n**3 + 10*n**2 + 14*n - 7. Calculate the remainder when v is divided by c(l).
6
Suppose 2*p = p + 51. What is the remainder when p is divided by (11 - 24) + 10 + 22?
13
Suppose 4*t + t = 5*u + 5420, -3*u = 4*t + 3252. Calculate the remainder when u/(-18) + 36/(-162) is divided by 16.
12
Suppose 0 = -121*u + 108*u + 416. Calculate the remainder when u is divided by 17.
15
Let d(s) = -s**3 + 17*s**2 + 17*s + 22. Let m be d(18). Suppose -m*p - 2*g + 262 = -210, -5*g = 10. What is the remainder when p is divided by 30?
29
Suppose 0 = 3*s - 2*s - 6. Let n be s*(-2)/(-9)*-3. Calculate the remainder when (-438)/(-24) - (-1)/n is divided by 10.
8
Suppose -456 = 2*n + 6*n. Let f = 78 + n. What is the remainder when 39 is divided by f?
18
Let a = -237 - -256. What is the remainder when 93 is divided by a?
17
Let c = 97 + -38. Suppose -6*l + c = -5*l. Let p = l + -42. What is the remainder when p is divided by 10?
7
Let w be ((-2)/(-4))/((-55)/56 + 1). Let c = 37 - w. Calculate the remainder when 17 is divided by c.
8
Suppose j + 5*o = 63, -66 = -3*j + o + 43. Calculate the remainder when j is divided by 16 + 0 + 2 - -2.
18
Let c be 1 + 41 - (0 - -4). Let s = c + -29. What is the remainder when s is divided by 5?
4
Let z be (1/(-1))/1 - (-24)/4. Let u = 2 - -3. Suppose 0 = 5*i + q - 176, 6*i - z*i - u*q = 30. Calculate the remainder when i is divided by 18.
17
Let a(d) = 2*d**2 + 56*d - 166. What is the remainder when 459 is divided by a(3)?
19
Let o = -8 + 10. Suppose 0 = -o*t + 4*t. What is the remainder when 31 is divided by 17/((-2)/(t + -2))?
14
Let m(x) = 7*x + 3. Let z be m(-1). Calculate the remainder when 18 is divided by (-4 - -9)/((-2)/z).
8
Let u(t) = t**2 - 8*t - 18. Calculate the remainder when 456 is divided by u(12).
6
Let j = 42 - 19. Let h(u) = u**2 + 4. Let p be h(0). Suppose 6 = -p*q - 2, 4*y - 266 = q. Calculate the remainder when y is divided by j.
20
Suppose -30*y + 312 = -108. Calculate the remainder when 66 is divided by y.
10
Let r(q) = 5*q + 1. Suppose 0 = 5*o - 42 - 13. Let c be r(o). Suppose 0 = -y - y + c. Calculate the remainder when 80 is divided by y.
24
Let b be (-2 - 12 - 1) + 4. What is the remainder when 137 is divided by 10/(-4)*154/b?
32
Suppose -t - 3 = 2*t. Let x = t + -3. Let n = 15 - x. What is the remainder when n is divided by 11?
8
Let h = 3442 + -2303. Calculate the remainder when h is divided by 57.
56
Let r = -622 - -854. What is the remainder when r is divided by 62?
46
Let w(c) = 3*c**2 - 3*c - 59. Calculate the remainder when w(-9) is divided by 67.
10
Suppose -5*a + a = -148. Suppose 5*y - a = -2. Suppose 2*q - 6 + 2 = 0. Calculate the remainder when y is divided by q.
1
Suppose 2*l = 5*q + 5, 5*q = -4*l + 7 + 18. Suppose -a = -l*a. Suppose -3*y + 6 + 33 = a. Calculate the remainder when 36 is divided by y.
10
Suppose v + 55 = 6*v. Let x be 3/((-3)/1)*-2. What is the remainder when v is divided by 1/((-2)/x)*-6?
5
Let n = 23 + -13. Suppose -5*r - 2*u = 2*u - 30, -2*u + n = 0. Suppose 0 = r*j - 7*j + 50. Calculate the remainder when 19 is divided by j.
9
Suppose 4*h = -4, -4*d + 0*h = -h - 13. Suppose d = 4*t - 21. Calculate the remainder when 21 is divided by t.
3
What is the remainder when 178 is divided by (3022/34 - (-4)/34) + 3?
86
Let d(i) = -28*i - 2. Let l be d(1). Let p = 51 - l. Suppose j - p = -2*j. What is the remainder when 107 is divided by j?
26
Let g = 4615 - 4581. Suppose -5*o + 4*o + 2*a + 26 = 0, 5*o - 3*a - 109 = 0. What is the remainder when g is divided by o?
14
Suppose 3*u = 6 + 9. Let b be (-45)/(-6)*(-8)/(-12). Suppose 40 = u*m + b. Calculate the remainder when 18 is divided by m.
4
Suppose -4773 = 39*z - 28446. What is the remainder when z is divided by 36?
31
Suppose -5*j + 85 = -4*j. What is the remainder when j is divided by ((-87)/(-12))/(2/8)?
27
Suppose -5*v = -0*o + 2*o - 222, 0 = -3*v - 2*o + 130. Let i = -19 + v. Suppose 2*k + k + i = 4*j, -k - 6 = -j. What is the remainder when j is divided by 3?
0
Let z = 1702 - 1654. What is the remainder when 199 is divided by z?
7
Let b(x) = -3*x - 17. Let t(m) = m**3 + 9*m**2 + 8*m + 6. Let f be t(-8). Calculate the remainder when 1328/18 - f/(-27) is divided by b(-12).
17
Suppose -v - 11 = -70. Suppose 12*f - 7*f = 15. Suppose -1 = n - 2, -f*s + v = -n. What is the remainder when 78 is divided by s?
18
Let r(v) = 51*v + 20. Let k be r(4). Let h = k + -89. Calculate the remainder when h is divided by 20.
15
Suppose 96 = -0*w + 4*w. Suppose -3*c = u - 52, 2*u + 84 = 4*u + 2*c. Suppose -6*s + 47 = -u. What is the remainder when w is divided by s?
10
Let j(f) = -2*f**3 - 2*f**2 + 7*f + 7. Calculate the remainder when 32 is divided by j(-3).
10
Let h(i) = 28*i + 1179. What is the remainder when h(-33) is divided by 46?
25
Suppose -n = 4*c + n - 62, -n - 54 = -3*c. Suppose 2*u + 0*u + 44 = 0. Let s = 60 - u. What is the remainder when s is divided by c?
14
Suppose 2*p = 3*k + 23, 2*p - 6*k - 28 = -2*k. Calculate the remainder when 60 is divided by 66/p + (-13)/26.
12
Let u(v) = -v**3 - 1 + 0*v**2 - 5*v**2 + 5*v**2 - 13*v + 9*v**2. What is the remainder when 11 is divided by u(7)?
5
Let h = 22 + -10. Let k be (2/5)/(3/15). Suppose -k*d = -131 + 37. Calculate the remainder when d is divided by h.
11
Let d be 179/(0 + (-3)/(-27)). Suppose -7*j - 2*j + d = 0. What is the remainder when j is divided by 14?
11
What is the remainder when 85 is divided by 42/(-245)*-15*7?
13
Let k(u) = u + 5. Let y be k(-7). Calculate the remainder when 20*2*y/(-8) is divided by (3 + 77/(-7))*-1.
2
Suppose -23*s = 9*s - 1632. What is the remainder when 440 is divided by s?
32
Let f = -20 + 29. Let b = 14 - f. Suppose -b*r + 433 = 2*p, -5 + 13 = 2*p. Calculate the remainder when r is divided by 29.
27
Let x be (-4 - 56/(-12))/(2/6). Suppose -x*l + 100 = 2*l. Calculate the remainder when 98 is divided by l.
23
Suppose -3*t + w + 2*w = -240, 0 = -3*t - 5*w + 232. What is the remainder when t is divided by 55/(-40)*-8 - -5?
15
Suppose 12*l - 603 = 1365. Let u = l + -137. Suppose 3*t - 315 = -0*t. Calculate the remainder when t is divided by u.
24
Calculate the remainder when 89 is divided by 73/4 - (11 - 517/44).
13
Suppose 9*u = 4*u. Suppose u = -5*m + m + 28. Suppose -5*h - 69 = -4*v, h = 4*h + 15. Calculate the remainder when v is divided by m.
4
Suppose 0 = b + 6*y - 2*y - 1406, -5*b + 7150 = -4*y. Calculate the remainder when b is divided by 14.
12
Let w be (-14)/(-4) - (-9)/(-18). Let h = 5 - w. Suppose 2*i - 43 = 4*o + 1, -5*o + 8 = h*i. Calculate the remainder when i is divided by 8.
6
Let r = -35 + 35. Suppose -d = u - 27, r*d - 5*u - 75 = -2*d. Calculate the remainder when 119 is divided by d.
29
Suppose -4*b = -b - 30. Let i(y) = -y**2 + y + 5. Let u be i(0). Suppose -5 = p, 0 = -5*t - u*p + 3*p + 125. What is the remainder when t is divided by b?
7
Suppose -26*d = -21*d - 75. What is the remainder when (55 - d)/(0 + 1) is divided by 14?
12
Suppose 0 = 5*n + 3*y - 90, 2*n - 2*y = -n + 73. What is the remainder when 88 is divided by n?
4
Suppose -3762 = 557*w - 563*w. What is the remainder when w is divided by 14?
11
Suppose 55 = -0*x + 11*x. Suppose x*h + 3*h - 936 = 0. What is the remainder when h is divided by 15?
12
Let b(v) = 2*v**2 + 4*v - 5. Suppose -18*l + 340 = -l. Calculate the remainder when l is divided by b(-4).
9
Let k = 42 - -32. Calculate the remainder when k is divided by 20.
14
Suppose w = -4*w - p + 125, -w + 11 = 3*p. Let t(q) = 17*q + 1. What is the remainder when t(6) is divided by w?
25
Suppose -26*u = -0*u + 5*u - 930. Let n = 24 + 33. Calculate the remainder when n is divided by u.
27
Let y = 91 + 33. Suppose 39*n = 35*n + y. What is the remainder when n is divided by 16?
15
Let g(z) = 13*z**2 - 31*z - 43. Calculate the remainder when g(6) is divided by 40.
39
Suppose 24*h - r - 76 = 20*h, 3*r = -12. Calculate the remainder when h is divided by 12.
6
Let b(s) = -4*s + 58. Suppose -3*u - 4*z + 35 = 0, 3*u + 14 = -5*z + 48. What is the remainder when b(-27) is divided by u?
10
Let i(g) = 2*g**2 + 5*g + 11. Let t be i(-3). Let z be -1 + -1*(-2 - 6). Suppose -t = -3*l + z. Calculate the remainder when 20 is divided by l.
6
Let f = -21